{"id":2041,"date":"2020-01-13T16:28:00","date_gmt":"2020-01-13T15:28:00","guid":{"rendered":"https:\/\/kirche-hilsbach-weiler.de\/hw\/?page_id=2041"},"modified":"2026-01-22T17:23:31","modified_gmt":"2026-01-22T16:23:31","slug":"kirchengemeinderat-hilsbach","status":"publish","type":"page","link":"https:\/\/kirche-hilsbach-weiler.de\/hw\/?page_id=2041","title":{"rendered":"Kirchengemeinderat HilsbachWeiler"},"content":{"rendered":"\r\n\r\n\r\n<p>Bei den letzten Kirchenwahlen im Dezember 2025 wurde der aktuell amtierende Kirchengemeinderat gew\u00e4hlt. Pfarrer Dr. Markus Printz ist von Amtes wegen Mitglied im Kirchengemeinderat. Der Kirchengemeinderat ist \u00fcber folgende Mailadresse erreichbar: <a href=\"&#x6d;&#97;i&#x6c;&#x74;&#111;:&#x6b;&#x67;&#114;&#64;&#x6b;&#105;r&#x63;&#x68;&#101;-&#x68;&#x69;&#108;s&#x62;&#97;&#99;&#x68;&#x2d;&#119;e&#x69;&#x6c;&#101;r&#x2e;&#100;&#101;\">k&#103;&#x72;&#x40;k&#105;&#114;&#x63;&#x68;e&#45;&#104;&#x69;&#x6c;s&#98;&#x61;&#x63;&#x68;-&#119;&#x65;&#x69;l&#101;&#114;&#x2e;&#x64;e<\/a> <br>Gerne k\u00f6nnen Sie sich mit Ihren Anliegen auch pers\u00f6nlich an jedes der Mitglieder (Kirchen\u00e4lteste) wenden:<\/p>\r\n\r\n\r\n\r\nngg_shortcode_0_placeholder\r\n\r\n<p>Der Kirchengemeinderat (= \u00c4ltestenkreis) trifft sich in der Regel einmal im Monat. <br>Er \u201eleitet die Gemeinde und tr\u00e4gt die Verantwortung daf\u00fcr, dass der Gemeinde Gottes Wort rein und lauter gepredigt wird, die Sakramente in ihr recht verwaltet werden und der Dienst der Liebe getan wird\u201c, hei\u00dft es in der Grundordnung (Artikel 16 Abs. 1) der <a href=\"http:\/\/www.ekiba.de\" target=\"_blank\" rel=\"noopener\">Evangelischen Landeskirche in Baden<\/a>. Der \u00c4ltestenkreis ber\u00e4t und entscheidet \u00fcber geistliche, finanzielle, rechtliche und verwaltungsm\u00e4\u00dfige Angelegenheiten. Er tr\u00e4gt Verantwortung f\u00fcr Verk\u00fcndigung, Seelsorge und Diakonie in der Gemeinde. Weitere Informationen zu den Aufgaben finden Sie <a href=\"https:\/\/www.ekiba.de\/infothek\/landeskirche-strukturen\/gemeinden\/gemeinde-gemeinsam-leiten\" target=\"_blank\" rel=\"noopener\">hier<\/a>.<\/p>\r\n\r\n<p>&nbsp;<\/p>\r\n\r\n<p>&nbsp;<\/p>\r\n","protected":false},"excerpt":{"rendered":"<p>Bei den letzten Kirchenwahlen im Dezember 2025 wurde der aktuell amtierende Kirchengemeinderat gew\u00e4hlt. Pfarrer Dr. Markus Printz ist von Amtes wegen Mitglied im Kirchengemeinderat. Der Kirchengemeinderat ist \u00fcber folgende Mailadresse erreichbar: &#x6b;&#103;&#114;&#64;&#x6b;&#x69;&#114;c&#x68;&#x65;&#45;h&#x69;&#x6c;&#115;b&#x61;&#x63;&#104;-&#x77;&#x65;&#105;l&#x65;&#x72;&#46;&#100;e Gerne k\u00f6nnen Sie sich mit Ihren Anliegen auch pers\u00f6nlich an jedes der Mitglieder (Kirchen\u00e4lteste) wenden: Der Kirchengemeinderat (= \u00c4ltestenkreis) trifft sich in der &#8230; <span class=\"more\"><a class=\"more-link\" href=\"https:\/\/kirche-hilsbach-weiler.de\/hw\/?page_id=2041\">[Weiter&#8230;]<\/a><\/span><\/p>\n","protected":false},"author":5,"featured_media":0,"parent":25,"menu_order":0,"comment_status":"closed","ping_status":"closed","template":"","meta":{"ngg_post_thumbnail":0,"footnotes":""},"class_list":["entry","page","publish","author-spickel","post-2041"],"jetpack_shortlink":"https:\/\/wp.me\/P4vBdR-wV","jetpack_likes_enabled":false,"jetpack-related-posts":[{"id":1925,"url":"https:\/\/kirche-hilsbach-weiler.de\/hw\/?page_id=1925","url_meta":{"origin":2041,"position":0},"title":"App f\u00fcr Smartphone &#038; Web","author":"Administrator","date":"29. M\u00e4rz 2014","format":false,"excerpt":"Wir haben eine eigene App und laden Euch ein diese zu testen und zu nutzen! Durch diese App k\u00f6nnen wir die Kommunikation in der Gemeinde und innerhalb der Mitarbeitenden von Gemeindegruppen vereinfachen. Alle Nutzer der App werden aktuell \u00fcber Neuigkeiten, Empfehlungen, Veranstaltungen und mehr informiert. Ihr findet die f\u00fcr Euch\u2026","rel":"","context":"\u00c4hnlicher Beitrag","block_context":{"text":"\u00c4hnlicher Beitrag","link":""},"img":{"alt_text":"","src":"https:\/\/i0.wp.com\/kirche-hilsbach-weiler.de\/hw\/wp-content\/uploads\/2020\/07\/Appstore-300x89.png?resize=350%2C200&ssl=1","width":350,"height":200},"classes":[]},{"id":8284,"url":"https:\/\/kirche-hilsbach-weiler.de\/hw\/?page_id=8284","url_meta":{"origin":2041,"position":1},"title":"App f\u00fcr Smartphone &#038; Web","author":"Carsten Glaser","date":"1. Juli 2020","format":false,"excerpt":"Wir haben eine eigene App und laden Euch ein diese zu testen und zu nutzen! Durch diese App k\u00f6nnen wir die Kommunikation in der Gemeinde und innerhalb der Mitarbeitenden von Gemeindegruppen vereinfachen. Alle Nutzer der App werden aktuell \u00fcber Neuigkeiten, Empfehlungen, Veranstaltungen und mehr informiert. Ihr findet die f\u00fcr Euch\u2026","rel":"","context":"\u00c4hnlicher Beitrag","block_context":{"text":"\u00c4hnlicher Beitrag","link":""},"img":{"alt_text":"","src":"https:\/\/i0.wp.com\/kirche-hilsbach-weiler.de\/hw\/wp-content\/uploads\/2020\/07\/Appstore-300x89.png?resize=350%2C200&ssl=1","width":350,"height":200},"classes":[]},{"id":25,"url":"https:\/\/kirche-hilsbach-weiler.de\/hw\/?page_id=25","url_meta":{"origin":2041,"position":2},"title":"Infos","author":"Administrator","date":"29. Juni 2012","format":false,"excerpt":"","rel":"","context":"\u00c4hnlicher Beitrag","block_context":{"text":"\u00c4hnlicher Beitrag","link":""},"img":{"alt_text":"","src":"https:\/\/i0.wp.com\/kirche-hilsbach-weiler.de\/hw\/wp-content\/uploads\/2020\/04\/KirchenHilsbachWeiler-17-scaled.jpg?resize=350%2C200&ssl=1","width":350,"height":200,"srcset":"https:\/\/i0.wp.com\/kirche-hilsbach-weiler.de\/hw\/wp-content\/uploads\/2020\/04\/KirchenHilsbachWeiler-17-scaled.jpg?resize=350%2C200&ssl=1 1x, https:\/\/i0.wp.com\/kirche-hilsbach-weiler.de\/hw\/wp-content\/uploads\/2020\/04\/KirchenHilsbachWeiler-17-scaled.jpg?resize=525%2C300&ssl=1 1.5x, https:\/\/i0.wp.com\/kirche-hilsbach-weiler.de\/hw\/wp-content\/uploads\/2020\/04\/KirchenHilsbachWeiler-17-scaled.jpg?resize=700%2C400&ssl=1 2x, https:\/\/i0.wp.com\/kirche-hilsbach-weiler.de\/hw\/wp-content\/uploads\/2020\/04\/KirchenHilsbachWeiler-17-scaled.jpg?resize=1050%2C600&ssl=1 3x, https:\/\/i0.wp.com\/kirche-hilsbach-weiler.de\/hw\/wp-content\/uploads\/2020\/04\/KirchenHilsbachWeiler-17-scaled.jpg?resize=1400%2C800&ssl=1 4x"},"classes":[]},{"id":6060,"url":"https:\/\/kirche-hilsbach-weiler.de\/hw\/","url_meta":{"origin":2041,"position":3},"title":"Herzlich willkommen","author":"Administrator","date":"18. November 2017","format":false,"excerpt":"Sch\u00f6n, dass Sie da sind! Die evangelische Kirchengemeinde HilsbachWeiler geh\u00f6rt zum evangelischen Kirchenbezirk Kraichgau in der evangelischen Landeskirche in Baden (ekiba). Im h\u00fcgeligen Kraichgau liegen die beiden Sinsheimer Ortsteile Hilsbach (ca. 2200 Einwohner, davon ca. 700 Evangelische) und Weiler (ca. 2000 Einwohner, davon ca. 750 Evangelische). Unser Profil: Wir sind\u2026","rel":"","context":"\u00c4hnlicher Beitrag","block_context":{"text":"\u00c4hnlicher Beitrag","link":""},"img":{"alt_text":"","src":"","width":0,"height":0},"classes":[]},{"id":1649,"url":"https:\/\/kirche-hilsbach-weiler.de\/hw\/?page_id=1649","url_meta":{"origin":2041,"position":4},"title":"O.A.S.E.","author":"Administrator","date":"7. M\u00e4rz 2014","format":false,"excerpt":"Von 2011 - 2017 gab es die \"O.A.S.E.\", einen Gottesdienst, der offen \u2013 anders \u2013 spannend \u2013 erfrischend ist, bei dem ganze Familien herzlich willkommen sind und jeder auf seine Kosten kommt, den wir lebendig, kreativ und mit allen Sinnen feiern, der von mehreren Teams vorbereitet und gestaltet wird (Ablauf,\u2026","rel":"","context":"\u00c4hnlicher Beitrag","block_context":{"text":"\u00c4hnlicher Beitrag","link":""},"img":{"alt_text":"","src":"https:\/\/i0.wp.com\/kirche-hilsbach-weiler.de\/hw\/wp-content\/uploads\/2014\/03\/oase_page.jpg?fit=928%2C417&ssl=1&resize=350%2C200","width":350,"height":200,"srcset":"https:\/\/i0.wp.com\/kirche-hilsbach-weiler.de\/hw\/wp-content\/uploads\/2014\/03\/oase_page.jpg?fit=928%2C417&ssl=1&resize=350%2C200 1x, https:\/\/i0.wp.com\/kirche-hilsbach-weiler.de\/hw\/wp-content\/uploads\/2014\/03\/oase_page.jpg?fit=928%2C417&ssl=1&resize=525%2C300 1.5x, https:\/\/i0.wp.com\/kirche-hilsbach-weiler.de\/hw\/wp-content\/uploads\/2014\/03\/oase_page.jpg?fit=928%2C417&ssl=1&resize=700%2C400 2x"},"classes":[]},{"id":5972,"url":"https:\/\/kirche-hilsbach-weiler.de\/hw\/?page_id=5972","url_meta":{"origin":2041,"position":5},"title":"SalzCH\u00d6Rner","author":"Administrator","date":"18. November 2017","format":false,"excerpt":"Die SalzCH\u00d6Rner wurden 1989 als Jugendchor Hilsbach-Weiler gegr\u00fcndet. Der fr\u00fchere Zusatz \u201aJunger Chor Hilsbach-Weiler\u2018 stimmt \u2013 was das Lebensalter der S\u00e4nger betrifft \u2013 heute zumindest noch gef\u00fchlt: Wir sind ungef\u00e4hr 25 S\u00e4ngerinnen und S\u00e4nger ganz unterschiedlichen Alters von etwa 18 bis 80 Jahren. Mitsingen darf bei uns jedoch jeder, der\u2026","rel":"","context":"\u00c4hnlicher Beitrag","block_context":{"text":"\u00c4hnlicher Beitrag","link":""},"img":{"alt_text":"","src":"https:\/\/i0.wp.com\/kirche-hilsbach-weiler.de\/hw\/wp-content\/uploads\/2015\/10\/SalzCH%C3%96Rner-2015-breit.jpg?fit=1200%2C253&ssl=1&resize=350%2C200","width":350,"height":200,"srcset":"https:\/\/i0.wp.com\/kirche-hilsbach-weiler.de\/hw\/wp-content\/uploads\/2015\/10\/SalzCH%C3%96Rner-2015-breit.jpg?fit=1200%2C253&ssl=1&resize=350%2C200 1x, https:\/\/i0.wp.com\/kirche-hilsbach-weiler.de\/hw\/wp-content\/uploads\/2015\/10\/SalzCH%C3%96Rner-2015-breit.jpg?fit=1200%2C253&ssl=1&resize=525%2C300 1.5x, https:\/\/i0.wp.com\/kirche-hilsbach-weiler.de\/hw\/wp-content\/uploads\/2015\/10\/SalzCH%C3%96Rner-2015-breit.jpg?fit=1200%2C253&ssl=1&resize=700%2C400 2x, https:\/\/i0.wp.com\/kirche-hilsbach-weiler.de\/hw\/wp-content\/uploads\/2015\/10\/SalzCH%C3%96Rner-2015-breit.jpg?fit=1200%2C253&ssl=1&resize=1050%2C600 3x"},"classes":[]}],"jetpack_sharing_enabled":true,"_links":{"self":[{"href":"https:\/\/kirche-hilsbach-weiler.de\/hw\/index.php?rest_route=\/wp\/v2\/pages\/2041","targetHints":{"allow":["GET"]}}],"collection":[{"href":"https:\/\/kirche-hilsbach-weiler.de\/hw\/index.php?rest_route=\/wp\/v2\/pages"}],"about":[{"href":"https:\/\/kirche-hilsbach-weiler.de\/hw\/index.php?rest_route=\/wp\/v2\/types\/page"}],"author":[{"embeddable":true,"href":"https:\/\/kirche-hilsbach-weiler.de\/hw\/index.php?rest_route=\/wp\/v2\/users\/5"}],"replies":[{"embeddable":true,"href":"https:\/\/kirche-hilsbach-weiler.de\/hw\/index.php?rest_route=%2Fwp%2Fv2%2Fcomments&post=2041"}],"version-history":[{"count":10,"href":"https:\/\/kirche-hilsbach-weiler.de\/hw\/index.php?rest_route=\/wp\/v2\/pages\/2041\/revisions"}],"predecessor-version":[{"id":11793,"href":"https:\/\/kirche-hilsbach-weiler.de\/hw\/index.php?rest_route=\/wp\/v2\/pages\/2041\/revisions\/11793"}],"up":[{"embeddable":true,"href":"https:\/\/kirche-hilsbach-weiler.de\/hw\/index.php?rest_route=\/wp\/v2\/pages\/25"}],"wp:attachment":[{"href":"https:\/\/kirche-hilsbach-weiler.de\/hw\/index.php?rest_route=%2Fwp%2Fv2%2Fmedia&parent=2041"}],"curies":[{"name":"wp","href":"https:\/\/api.w.org\/{rel}","templated":true}]}}

<p>Bei den letzten Kirchenwahlen im Dezember 2025 wurde der aktuell amtierende Kirchengemeinderat gewählt. Pfarrer Dr. Markus Printz ist von Amtes wegen Mitglied im Kirchengemeinderat. Der Kirchengemeinderat ist über folgende Mailadresse erreichbar: <a href="&#x6d;&#97;i&#x6c;&#x74;&#111;:&#x6b;&#x67;&#114;&#64;&#x6b;&#105;r&#x63;&#x68;&#101;-&#x68;&#x69;&#108;s&#x62;&#97;&#99;&#x68;&#x2d;&#119;e&#x69;&#x6c;&#101;r&#x2e;&#100;&#101;">k&#103;&#x72;&#x40;k&#105;&#114;&#x63;&#x68;e&#45;&#104;&#x69;&#x6c;s&#98;&#x61;&#x63;&#x68;-&#119;&#x65;&#x69;l&#101;&#114;&#x2e;&#x64;e</a> <br>Gerne können Sie sich mit Ihren Anliegen auch persönlich an jedes der Mitglieder (Kirchenälteste) wenden:</p>



ngg_shortcode_0_placeholder

<p>Der Kirchengemeinderat (= Ältestenkreis) trifft sich in der Regel einmal im Monat. <br>Er „leitet die Gemeinde und trägt die Verantwortung dafür, dass der Gemeinde Gottes Wort rein und lauter gepredigt wird, die Sakramente in ihr recht verwaltet werden und der Dienst der Liebe getan wird“, heißt es in der Grundordnung (Artikel 16 Abs. 1) der <a href="http://www.ekiba.de" target="_blank" rel="noopener">Evangelischen Landeskirche in Baden</a>. Der Ältestenkreis berät und entscheidet über geistliche, finanzielle, rechtliche und verwaltungsmäßige Angelegenheiten. Er trägt Verantwortung für Verkündigung, Seelsorge und Diakonie in der Gemeinde. Weitere Informationen zu den Aufgaben finden Sie <a href="https://www.ekiba.de/infothek/landeskirche-strukturen/gemeinden/gemeinde-gemeinsam-leiten" target="_blank" rel="noopener">hier</a>.</p>

<p>&nbsp;</p>

<p>&nbsp;</p>

<p>Bei den letzten Kirchenwahlen im Dezember 2025 wurde der aktuell amtierende Kirchengemeinderat gewählt. Pfarrer Dr. Markus Printz ist von Amtes wegen Mitglied im Kirchengemeinderat. Der Kirchengemeinderat ist über folgende Mailadresse erreichbar: &#x6b;&#103;&#114;&#64;&#x6b;&#x69;&#114;c&#x68;&#x65;&#45;h&#x69;&#x6c;&#115;b&#x61;&#x63;&#104;-&#x77;&#x65;&#105;l&#x65;&#x72;&#46;&#100;e Gerne können Sie sich mit Ihren Anliegen auch persönlich an jedes der Mitglieder (Kirchenälteste) wenden: Der Kirchengemeinderat (= Ältestenkreis) trifft sich in der &#8230; <span class="more"><a class="more-link" href="https://kirche-hilsbach-weiler.de/hw/?page_id=2041">[Weiter&#8230;]</a></span></p>

App für Smartphone &#038; Web

29. März 2014

Wir haben eine eigene App und laden Euch ein diese zu testen und zu nutzen! Durch diese App können wir die Kommunikation in der Gemeinde und innerhalb der Mitarbeitenden von Gemeindegruppen vereinfachen. Alle Nutzer der App werden aktuell über Neuigkeiten, Empfehlungen, Veranstaltungen und mehr informiert. Ihr findet die für Euch…

Ähnlicher Beitrag

Schön, dass Sie da sind! Die evangelische Kirchengemeinde HilsbachWeiler gehört zum evangelischen Kirchenbezirk Kraichgau in der evangelischen Landeskirche in Baden (ekiba). Im hügeligen Kraichgau liegen die beiden Sinsheimer Ortsteile Hilsbach (ca. 2200 Einwohner, davon ca. 700 Evangelische) und Weiler (ca. 2000 Einwohner, davon ca. 750 Evangelische). Unser Profil: Wir sind…

7. März 2014

SalzCHÖRner

Die SalzCHÖRner wurden 1989 als Jugendchor Hilsbach-Weiler gegründet. Der frühere Zusatz ‚Junger Chor Hilsbach-Weiler‘ stimmt – was das Lebensalter der Sänger betrifft – heute zumindest noch gefühlt: Wir sind ungefähr 25 Sängerinnen und Sänger ganz unterschiedlichen Alters von etwa 18 bis 80 Jahren. Mitsingen darf bei uns jedoch jeder, der…
