{"id":2151,"date":"2014-03-31T18:59:01","date_gmt":"2014-03-31T17:59:01","guid":{"rendered":"https:\/\/kirche-hilsbach-weiler.de\/hw\/?page_id=2151"},"modified":"2017-11-25T22:19:40","modified_gmt":"2017-11-25T21:19:40","slug":"kindergarten-weiler","status":"publish","type":"page","link":"https:\/\/kirche-hilsbach-weiler.de\/hw\/?page_id=2151","title":{"rendered":"Kindergarten Weiler"},"content":{"rendered":"<h3>Evangelischer Kindergarten &#8220;G\u00e4nsebl\u00fcmchen&#8221; Weiler<\/h3>\n<p><strong>Leitung:<\/strong><br \/>\nSimone Dolch<br \/>\nTel.: 07261-3477<br \/>\nMail:&nbsp;<a href=\"&#x6d;&#97;&#x69;&#x6c;&#116;&#x6f;&#x3a;&#107;&#x69;&#x67;&#97;&#x2d;&#x77;e&#x69;&#x6c;e&#x72;&#64;k&#x69;&#114;c&#x68;&#101;-&#x68;&#105;l&#x73;&#98;a&#x63;&#104;-&#x77;&#101;i&#x6c;&#101;r&#x2e;&#100;e\">&#107;&#105;&#x67;a&#45;&#x77;&#x65;i&#108;&#x65;&#x72;&#64;&#107;&#x69;&#x72;c&#104;&#x65;&#x2d;h&#105;&#x6c;&#x73;b&#97;&#x63;h&#45;&#119;&#x65;i&#108;&#x65;&#x72;&#46;&#100;&#x65;<\/a><\/p>\n<p><strong>Adresse:<\/strong><br \/>\nBurggrafenstr. 12<br \/>\n74889 Sinsheim-Weiler<br \/>\n<a href=\"https:\/\/www.google.com\/maps\/dir\/''\/''\/@49.2089688,8.8079904,12z\/data=!3m1!4b1!4m8!4m7!1m0!1m5!1m1!1s0x4797904197f7445b:0x66114272bd0bb9d8!2m2!1d8.87803!2d49.20899\" rel=\"noopener\" target=\"_blank\">[google maps]<\/a><\/p>\n<p><strong>\u00d6ffnungszeiten:<\/strong><br \/>\nGruppe mit verl\u00e4ngerter \u00d6ffnungszeit (zwei Jahre bis zum Schuleintritt):<br \/>\nMontag bis Freitag: 07:15 \u2013 13:45 Uhr<\/p>\n<p>Gruppe mit Ganztagesbetreuung und verl\u00e4ngerter \u00d6ffnungszeit (zwei Jahre bis zum Schuleintritt):<br \/>\nMontag bis Mittwoch: 07:15 &#8211; 16:15 Uhr<\/p>\n<p>Donnerstag und Freitag: 07:15 &#8211; 13:45 Uhr<\/p>\n","protected":false},"excerpt":{"rendered":"<p>Evangelischer Kindergarten &#8220;G\u00e4nsebl\u00fcmchen&#8221; Weiler Leitung: Simone Dolch Tel.: 07261-3477 Mail:&nbsp;&#x6b;&#x69;&#x67;&#x61;&#x2d;&#x77;&#x65;&#105;&#108;&#101;&#114;&#64;kirc&#x68;&#x65;&#x2d;&#x68;&#x69;&#x6c;&#x73;&#x62;&#97;&#99;&#104;&#45;&#119;eile&#x72;&#x2e;&#x64;&#x65; Adresse: Burggrafenstr. 12 74889 Sinsheim-Weiler [google maps] \u00d6ffnungszeiten: Gruppe mit verl\u00e4ngerter \u00d6ffnungszeit (zwei Jahre bis zum Schuleintritt): Montag bis Freitag: 07:15 \u2013 13:45 Uhr Gruppe mit Ganztagesbetreuung und verl\u00e4ngerter \u00d6ffnungszeit (zwei Jahre bis zum Schuleintritt): Montag bis Mittwoch: 07:15 &#8211; 16:15 Uhr Donnerstag und Freitag: &#8230; <span class=\"more\"><a class=\"more-link\" href=\"https:\/\/kirche-hilsbach-weiler.de\/hw\/?page_id=2151\">[Weiter&#8230;]<\/a><\/span><\/p>\n","protected":false},"author":6,"featured_media":0,"parent":25,"menu_order":0,"comment_status":"closed","ping_status":"closed","template":"","meta":{"ngg_post_thumbnail":0,"footnotes":""},"class_list":["entry","page","publish","author-ekhwadmin","post-2151"],"jetpack_shortlink":"https:\/\/wp.me\/P4vBdR-yH","jetpack_likes_enabled":false,"jetpack-related-posts":[{"id":2147,"url":"https:\/\/kirche-hilsbach-weiler.de\/hw\/?page_id=2147","url_meta":{"origin":2151,"position":0},"title":"Kindergarten Hilsbach","author":"Administrator","date":"31. M\u00e4rz 2014","format":false,"excerpt":"Evangelischer Kindergarten Hilsbach Leitung: Katrin Butschbacher-Schmitt Tel: 07260-426 Mail:\u00a0kiga-hilsbach@kirche-hilsbach-weiler.de Adresse: Brennh\u00fcttenstr. 12a 74889 Sinsheim-Hilsbach [google maps] \u00d6ffnungszeiten: Altersgemischte Regelgruppe (ab zwei Jahren bis zum Schuleintritt): Montag bis Freitag: 08:00 \u2013 12:35 Uhr und Montag bis Donnerstag: 14:00 \u2013 16:00 Uhr Altersgemischte Gruppe mit verl\u00e4ngerter \u00d6ffnungszeit (ab zwei Jahren bis zum\u2026","rel":"","context":"\u00c4hnlicher Beitrag","block_context":{"text":"\u00c4hnlicher Beitrag","link":""},"img":{"alt_text":"Hilsbach_Kiga_Leitung","src":"https:\/\/i0.wp.com\/kirche-hilsbach-weiler.de\/hw\/wp-content\/uploads\/2014\/07\/Hilsbach_Kiga_Leitung-214x300.jpg?resize=350%2C200","width":350,"height":200},"classes":[]},{"id":5994,"url":"https:\/\/kirche-hilsbach-weiler.de\/hw\/?page_id=5994","url_meta":{"origin":2151,"position":1},"title":"Jungschar","author":"Administrator","date":"18. November 2017","format":false,"excerpt":"Mit anderen Kindern spielen, Geschichten aus der Bibel h\u00f6ren, gemeinsam Lieder singen und Spa\u00df haben. Das klingt doch gut! Hast Du Lust, dabei zu sein? Dann bist Du in der Jungschar herzlich willkommen! F\u00fcr Kinder im Alter von 6 bis 13 Jahren findet derzeit freitags (au\u00dfer an Feiertagen und Ferien)\u2026","rel":"","context":"\u00c4hnlicher Beitrag","block_context":{"text":"\u00c4hnlicher Beitrag","link":""},"img":{"alt_text":"","src":"","width":0,"height":0},"classes":[]},{"id":5997,"url":"https:\/\/kirche-hilsbach-weiler.de\/hw\/?page_id=5997","url_meta":{"origin":2151,"position":2},"title":"PfefferCH\u00d6Rner","author":"Administrator","date":"18. November 2017","format":false,"excerpt":"Jeden Freitag von 15.55 bis 16.30 Uhr treffen wir uns im evangelischen Gemeindehaus HilsbachWeiler in der Burggrafenstra\u00dfe 12 in Weiler. Wir? Das sind Kinder im Grundschulalter (und gerne auch dar\u00fcber hinaus), die Lust am Singen haben. Immer wieder gestalten wir Gottesdienste mit oder geben Konzerte. Und die Vorschulkinder singen und\u2026","rel":"","context":"\u00c4hnlicher Beitrag","block_context":{"text":"\u00c4hnlicher Beitrag","link":""},"img":{"alt_text":"","src":"https:\/\/i0.wp.com\/kirche-hilsbach-weiler.de\/hw\/wp-content\/uploads\/2018\/03\/PfefferCH%C3%96Rner-1.jpg?fit=1200%2C421&ssl=1&resize=350%2C200","width":350,"height":200,"srcset":"https:\/\/i0.wp.com\/kirche-hilsbach-weiler.de\/hw\/wp-content\/uploads\/2018\/03\/PfefferCH%C3%96Rner-1.jpg?fit=1200%2C421&ssl=1&resize=350%2C200 1x, https:\/\/i0.wp.com\/kirche-hilsbach-weiler.de\/hw\/wp-content\/uploads\/2018\/03\/PfefferCH%C3%96Rner-1.jpg?fit=1200%2C421&ssl=1&resize=525%2C300 1.5x, https:\/\/i0.wp.com\/kirche-hilsbach-weiler.de\/hw\/wp-content\/uploads\/2018\/03\/PfefferCH%C3%96Rner-1.jpg?fit=1200%2C421&ssl=1&resize=700%2C400 2x, https:\/\/i0.wp.com\/kirche-hilsbach-weiler.de\/hw\/wp-content\/uploads\/2018\/03\/PfefferCH%C3%96Rner-1.jpg?fit=1200%2C421&ssl=1&resize=1050%2C600 3x"},"classes":[]},{"id":2790,"url":"https:\/\/kirche-hilsbach-weiler.de\/hw\/?page_id=2790","url_meta":{"origin":2151,"position":3},"title":"Termine","author":"Carsten Glaser","date":"27. Juli 2014","format":false,"excerpt":"","rel":"","context":"\u00c4hnlicher Beitrag","block_context":{"text":"\u00c4hnlicher Beitrag","link":""},"img":{"alt_text":"","src":"","width":0,"height":0},"classes":[]},{"id":6000,"url":"https:\/\/kirche-hilsbach-weiler.de\/hw\/?page_id=6000","url_meta":{"origin":2151,"position":4},"title":"Posaunenchor","author":"Administrator","date":"18. November 2017","format":false,"excerpt":"\"Posaunench\u00f6re sind reine Blechbl\u00e4sergruppen, deren wesentliche Aufgabe es ist, Gottesdienste mitzugestalten und auch sonst im Freien zur Ehre Gottes zu spielen\", hie\u00df es im Aufruf zur Gr\u00fcnderversammlung, die am Mittwoch, 09.12.1981 erfolgte. Die Anregung ging von Pfarrer Adalbert Glaser aus. Zur Gr\u00fcndungsversammlung kamen in Weiler unterm Kindergarten 23 Interessierte zusammen.\u2026","rel":"","context":"\u00c4hnlicher Beitrag","block_context":{"text":"\u00c4hnlicher Beitrag","link":""},"img":{"alt_text":"","src":"https:\/\/i0.wp.com\/kirche-hilsbach-weiler.de\/hw\/wp-content\/uploads\/2017\/12\/Posaunenchor.jpg?fit=1200%2C408&ssl=1&resize=350%2C200","width":350,"height":200,"srcset":"https:\/\/i0.wp.com\/kirche-hilsbach-weiler.de\/hw\/wp-content\/uploads\/2017\/12\/Posaunenchor.jpg?fit=1200%2C408&ssl=1&resize=350%2C200 1x, https:\/\/i0.wp.com\/kirche-hilsbach-weiler.de\/hw\/wp-content\/uploads\/2017\/12\/Posaunenchor.jpg?fit=1200%2C408&ssl=1&resize=525%2C300 1.5x, https:\/\/i0.wp.com\/kirche-hilsbach-weiler.de\/hw\/wp-content\/uploads\/2017\/12\/Posaunenchor.jpg?fit=1200%2C408&ssl=1&resize=700%2C400 2x, https:\/\/i0.wp.com\/kirche-hilsbach-weiler.de\/hw\/wp-content\/uploads\/2017\/12\/Posaunenchor.jpg?fit=1200%2C408&ssl=1&resize=1050%2C600 3x"},"classes":[]},{"id":5972,"url":"https:\/\/kirche-hilsbach-weiler.de\/hw\/?page_id=5972","url_meta":{"origin":2151,"position":5},"title":"SalzCH\u00d6Rner","author":"Administrator","date":"18. November 2017","format":false,"excerpt":"Die SalzCH\u00d6Rner wurden 1989 als Jugendchor Hilsbach-Weiler gegr\u00fcndet. Der fr\u00fchere Zusatz \u201aJunger Chor Hilsbach-Weiler\u2018 stimmt \u2013 was das Lebensalter der S\u00e4nger betrifft \u2013 heute zumindest noch gef\u00fchlt: Wir sind ungef\u00e4hr 25 S\u00e4ngerinnen und S\u00e4nger ganz unterschiedlichen Alters von etwa 18 bis 80 Jahren. Mitsingen darf bei uns jedoch jeder, der\u2026","rel":"","context":"\u00c4hnlicher Beitrag","block_context":{"text":"\u00c4hnlicher Beitrag","link":""},"img":{"alt_text":"","src":"https:\/\/i0.wp.com\/kirche-hilsbach-weiler.de\/hw\/wp-content\/uploads\/2015\/10\/SalzCH%C3%96Rner-2015-breit.jpg?fit=1200%2C253&ssl=1&resize=350%2C200","width":350,"height":200,"srcset":"https:\/\/i0.wp.com\/kirche-hilsbach-weiler.de\/hw\/wp-content\/uploads\/2015\/10\/SalzCH%C3%96Rner-2015-breit.jpg?fit=1200%2C253&ssl=1&resize=350%2C200 1x, https:\/\/i0.wp.com\/kirche-hilsbach-weiler.de\/hw\/wp-content\/uploads\/2015\/10\/SalzCH%C3%96Rner-2015-breit.jpg?fit=1200%2C253&ssl=1&resize=525%2C300 1.5x, https:\/\/i0.wp.com\/kirche-hilsbach-weiler.de\/hw\/wp-content\/uploads\/2015\/10\/SalzCH%C3%96Rner-2015-breit.jpg?fit=1200%2C253&ssl=1&resize=700%2C400 2x, https:\/\/i0.wp.com\/kirche-hilsbach-weiler.de\/hw\/wp-content\/uploads\/2015\/10\/SalzCH%C3%96Rner-2015-breit.jpg?fit=1200%2C253&ssl=1&resize=1050%2C600 3x"},"classes":[]}],"jetpack_sharing_enabled":true,"_links":{"self":[{"href":"https:\/\/kirche-hilsbach-weiler.de\/hw\/index.php?rest_route=\/wp\/v2\/pages\/2151","targetHints":{"allow":["GET"]}}],"collection":[{"href":"https:\/\/kirche-hilsbach-weiler.de\/hw\/index.php?rest_route=\/wp\/v2\/pages"}],"about":[{"href":"https:\/\/kirche-hilsbach-weiler.de\/hw\/index.php?rest_route=\/wp\/v2\/types\/page"}],"author":[{"embeddable":true,"href":"https:\/\/kirche-hilsbach-weiler.de\/hw\/index.php?rest_route=\/wp\/v2\/users\/6"}],"replies":[{"embeddable":true,"href":"https:\/\/kirche-hilsbach-weiler.de\/hw\/index.php?rest_route=%2Fwp%2Fv2%2Fcomments&post=2151"}],"version-history":[{"count":0,"href":"https:\/\/kirche-hilsbach-weiler.de\/hw\/index.php?rest_route=\/wp\/v2\/pages\/2151\/revisions"}],"up":[{"embeddable":true,"href":"https:\/\/kirche-hilsbach-weiler.de\/hw\/index.php?rest_route=\/wp\/v2\/pages\/25"}],"wp:attachment":[{"href":"https:\/\/kirche-hilsbach-weiler.de\/hw\/index.php?rest_route=%2Fwp%2Fv2%2Fmedia&parent=2151"}],"curies":[{"name":"wp","href":"https:\/\/api.w.org\/{rel}","templated":true}]}}

<h3>Evangelischer Kindergarten &#8220;Gänseblümchen&#8221; Weiler</h3>
<p><strong>Leitung:</strong><br />
Simone Dolch<br />
Tel.: 07261-3477<br />
Mail:&nbsp;<a href="&#x6d;&#97;&#x69;&#x6c;&#116;&#x6f;&#x3a;&#107;&#x69;&#x67;&#97;&#x2d;&#x77;e&#x69;&#x6c;e&#x72;&#64;k&#x69;&#114;c&#x68;&#101;-&#x68;&#105;l&#x73;&#98;a&#x63;&#104;-&#x77;&#101;i&#x6c;&#101;r&#x2e;&#100;e">&#107;&#105;&#x67;a&#45;&#x77;&#x65;i&#108;&#x65;&#x72;&#64;&#107;&#x69;&#x72;c&#104;&#x65;&#x2d;h&#105;&#x6c;&#x73;b&#97;&#x63;h&#45;&#119;&#x65;i&#108;&#x65;&#x72;&#46;&#100;&#x65;</a></p>
<p><strong>Adresse:</strong><br />
Burggrafenstr. 12<br />
74889 Sinsheim-Weiler<br />
<a href="https://www.google.com/maps/dir/''/''/@49.2089688,8.8079904,12z/data=!3m1!4b1!4m8!4m7!1m0!1m5!1m1!1s0x4797904197f7445b:0x66114272bd0bb9d8!2m2!1d8.87803!2d49.20899" rel="noopener" target="_blank">[google maps]</a></p>
<p><strong>Öffnungszeiten:</strong><br />
Gruppe mit verlängerter Öffnungszeit (zwei Jahre bis zum Schuleintritt):<br />
Montag bis Freitag: 07:15 – 13:45 Uhr</p>
<p>Gruppe mit Ganztagesbetreuung und verlängerter Öffnungszeit (zwei Jahre bis zum Schuleintritt):<br />
Montag bis Mittwoch: 07:15 &#8211; 16:15 Uhr</p>
<p>Donnerstag und Freitag: 07:15 &#8211; 13:45 Uhr</p>

<p>Evangelischer Kindergarten &#8220;Gänseblümchen&#8221; Weiler Leitung: Simone Dolch Tel.: 07261-3477 Mail:&nbsp;&#x6b;&#x69;&#x67;&#x61;&#x2d;&#x77;&#x65;&#105;&#108;&#101;&#114;&#64;kirc&#x68;&#x65;&#x2d;&#x68;&#x69;&#x6c;&#x73;&#x62;&#97;&#99;&#104;&#45;&#119;eile&#x72;&#x2e;&#x64;&#x65; Adresse: Burggrafenstr. 12 74889 Sinsheim-Weiler [google maps] Öffnungszeiten: Gruppe mit verlängerter Öffnungszeit (zwei Jahre bis zum Schuleintritt): Montag bis Freitag: 07:15 – 13:45 Uhr Gruppe mit Ganztagesbetreuung und verlängerter Öffnungszeit (zwei Jahre bis zum Schuleintritt): Montag bis Mittwoch: 07:15 &#8211; 16:15 Uhr Donnerstag und Freitag: &#8230; <span class="more"><a class="more-link" href="https://kirche-hilsbach-weiler.de/hw/?page_id=2151">[Weiter&#8230;]</a></span></p>

31. März 2014

Evangelischer Kindergarten Hilsbach Leitung: Katrin Butschbacher-Schmitt Tel: 07260-426 Mail: kiga-hilsbach@kirche-hilsbach-weiler.de Adresse: Brennhüttenstr. 12a 74889 Sinsheim-Hilsbach [google maps] Öffnungszeiten: Altersgemischte Regelgruppe (ab zwei Jahren bis zum Schuleintritt): Montag bis Freitag: 08:00 – 12:35 Uhr und Montag bis Donnerstag: 14:00 – 16:00 Uhr Altersgemischte Gruppe mit verlängerter Öffnungszeit (ab zwei Jahren bis zum…

Ähnlicher Beitrag

Mit anderen Kindern spielen, Geschichten aus der Bibel hören, gemeinsam Lieder singen und Spaß haben. Das klingt doch gut! Hast Du Lust, dabei zu sein? Dann bist Du in der Jungschar herzlich willkommen! Für Kinder im Alter von 6 bis 13 Jahren findet derzeit freitags (außer an Feiertagen und Ferien)…

PfefferCHÖRner

Jeden Freitag von 15.55 bis 16.30 Uhr treffen wir uns im evangelischen Gemeindehaus HilsbachWeiler in der Burggrafenstraße 12 in Weiler. Wir? Das sind Kinder im Grundschulalter (und gerne auch darüber hinaus), die Lust am Singen haben. Immer wieder gestalten wir Gottesdienste mit oder geben Konzerte. Und die Vorschulkinder singen und…

"Posaunenchöre sind reine Blechbläsergruppen, deren wesentliche Aufgabe es ist, Gottesdienste mitzugestalten und auch sonst im Freien zur Ehre Gottes zu spielen", hieß es im Aufruf zur Gründerversammlung, die am Mittwoch, 09.12.1981 erfolgte. Die Anregung ging von Pfarrer Adalbert Glaser aus. Zur Gründungsversammlung kamen in Weiler unterm Kindergarten 23 Interessierte zusammen.…

SalzCHÖRner

Die SalzCHÖRner wurden 1989 als Jugendchor Hilsbach-Weiler gegründet. Der frühere Zusatz ‚Junger Chor Hilsbach-Weiler‘ stimmt – was das Lebensalter der Sänger betrifft – heute zumindest noch gefühlt: Wir sind ungefähr 25 Sängerinnen und Sänger ganz unterschiedlichen Alters von etwa 18 bis 80 Jahren. Mitsingen darf bei uns jedoch jeder, der…
