{"id":8367,"date":"2020-07-17T12:05:27","date_gmt":"2020-07-17T10:05:27","guid":{"rendered":"https:\/\/kirche-hilsbach-weiler.de\/hw\/?page_id=8367"},"modified":"2025-01-17T18:44:06","modified_gmt":"2025-01-17T17:44:06","slug":"simon-printz","status":"publish","type":"page","link":"https:\/\/kirche-hilsbach-weiler.de\/hw\/?page_id=8367","title":{"rendered":"Simon Printz"},"content":{"rendered":"\r\n<figure class=\"wp-block-image size-large is-resized is-style-default\"><img data-recalc-dims=\"1\" loading=\"lazy\" decoding=\"async\" class=\"attachment-full  wp-image-12881\" src=\"https:\/\/i0.wp.com\/www.pro11.org\/wp-content\/uploads\/2023\/10\/Simon-Printz-Potrait-scaled-e1696949355374.jpg?resize=340%2C340&#038;ssl=1\" alt=\"\" width=\"340\" height=\"340\"><br>\r\n<figcaption>War von Januar bis Juli 2021 in S\u00fcdafrika,<br>und ist seit Sommer 2023 mit Pro11 unterwegs.<br>Weitere Infos mit Newsletter: <br><a href=\"https:\/\/www.pro11.org\/simon.printz\" target=\"_blank\" rel=\"noopener\">https:\/\/www.pro11.org\/simon.printz<\/a><\/figcaption>\r\n<\/figure>\r\n","protected":false},"excerpt":{"rendered":"","protected":false},"author":5,"featured_media":0,"parent":8334,"menu_order":0,"comment_status":"closed","ping_status":"closed","template":"","meta":{"ngg_post_thumbnail":0,"footnotes":""},"class_list":["entry","page","publish","author-spickel","post-8367"],"jetpack_shortlink":"https:\/\/wp.me\/P4vBdR-2aX","jetpack_likes_enabled":false,"jetpack-related-posts":[{"id":1651,"url":"https:\/\/kirche-hilsbach-weiler.de\/hw\/?page_id=1651","url_meta":{"origin":8367,"position":0},"title":"Gemeindeleben","author":"Administrator","date":"7. M\u00e4rz 2014","format":false,"excerpt":"In vielf\u00e4ltigen Gottesdiensten und anderen regelm\u00e4\u00dfigen Veranstaltungen k\u00f6nnen Sie bei uns Gemeinde (er-)leben:","rel":"","context":"\u00c4hnlicher Beitrag","block_context":{"text":"\u00c4hnlicher Beitrag","link":""},"img":{"alt_text":"","src":"","width":0,"height":0},"classes":[]},{"id":1895,"url":"https:\/\/kirche-hilsbach-weiler.de\/hw\/?page_id=1895","url_meta":{"origin":8367,"position":1},"title":"Predigten","author":"Administrator","date":"14. April 2014","format":false,"excerpt":"NACHgeDACHT \u00fcber Himmel & Erde Andachten, Predigten & mehr zum NACHschauen, NACHh\u00f6ren und NACHdenken","rel":"","context":"\u00c4hnlicher Beitrag","block_context":{"text":"\u00c4hnlicher Beitrag","link":""},"img":{"alt_text":"","src":"https:\/\/i0.wp.com\/kirche-hilsbach-weiler.de\/hw\/wp-content\/uploads\/2023\/01\/nachGEDACHT-2.jpg?fit=1200%2C675&ssl=1&resize=350%2C200","width":350,"height":200,"srcset":"https:\/\/i0.wp.com\/kirche-hilsbach-weiler.de\/hw\/wp-content\/uploads\/2023\/01\/nachGEDACHT-2.jpg?fit=1200%2C675&ssl=1&resize=350%2C200 1x, https:\/\/i0.wp.com\/kirche-hilsbach-weiler.de\/hw\/wp-content\/uploads\/2023\/01\/nachGEDACHT-2.jpg?fit=1200%2C675&ssl=1&resize=525%2C300 1.5x, https:\/\/i0.wp.com\/kirche-hilsbach-weiler.de\/hw\/wp-content\/uploads\/2023\/01\/nachGEDACHT-2.jpg?fit=1200%2C675&ssl=1&resize=700%2C400 2x, https:\/\/i0.wp.com\/kirche-hilsbach-weiler.de\/hw\/wp-content\/uploads\/2023\/01\/nachGEDACHT-2.jpg?fit=1200%2C675&ssl=1&resize=1050%2C600 3x"},"classes":[]},{"id":5988,"url":"https:\/\/kirche-hilsbach-weiler.de\/hw\/?page_id=5988","url_meta":{"origin":8367,"position":2},"title":"Kirchenchor Weiler","author":"Administrator","date":"18. November 2017","format":false,"excerpt":"Der Evangelische Kirchenchor Weiler konnte im Jahr 2010 sein 125-j\u00e4hriges Bestehen feiern. Mit gro\u00dfer Freude singt er in den Gemeindegottesdiensten zum Lobe Gottes. Immer am Sonntag \u201eKantate \u2013 Singet dem Herrn\u201c gestaltet der Kirchenchor einen besonderen kirchenmusikalischen Gottesdienst, in dem meist gr\u00f6\u00dfere Werke \u2013 auch mit Instrumentalisten - aufgef\u00fchrt werden.\u2026","rel":"","context":"\u00c4hnlicher Beitrag","block_context":{"text":"\u00c4hnlicher Beitrag","link":""},"img":{"alt_text":"","src":"","width":0,"height":0},"classes":[]},{"id":25,"url":"https:\/\/kirche-hilsbach-weiler.de\/hw\/?page_id=25","url_meta":{"origin":8367,"position":3},"title":"Infos","author":"Administrator","date":"29. Juni 2012","format":false,"excerpt":"","rel":"","context":"\u00c4hnlicher Beitrag","block_context":{"text":"\u00c4hnlicher Beitrag","link":""},"img":{"alt_text":"","src":"https:\/\/i0.wp.com\/kirche-hilsbach-weiler.de\/hw\/wp-content\/uploads\/2020\/04\/KirchenHilsbachWeiler-17-scaled.jpg?resize=350%2C200&ssl=1","width":350,"height":200,"srcset":"https:\/\/i0.wp.com\/kirche-hilsbach-weiler.de\/hw\/wp-content\/uploads\/2020\/04\/KirchenHilsbachWeiler-17-scaled.jpg?resize=350%2C200&ssl=1 1x, https:\/\/i0.wp.com\/kirche-hilsbach-weiler.de\/hw\/wp-content\/uploads\/2020\/04\/KirchenHilsbachWeiler-17-scaled.jpg?resize=525%2C300&ssl=1 1.5x, https:\/\/i0.wp.com\/kirche-hilsbach-weiler.de\/hw\/wp-content\/uploads\/2020\/04\/KirchenHilsbachWeiler-17-scaled.jpg?resize=700%2C400&ssl=1 2x, https:\/\/i0.wp.com\/kirche-hilsbach-weiler.de\/hw\/wp-content\/uploads\/2020\/04\/KirchenHilsbachWeiler-17-scaled.jpg?resize=1050%2C600&ssl=1 3x, https:\/\/i0.wp.com\/kirche-hilsbach-weiler.de\/hw\/wp-content\/uploads\/2020\/04\/KirchenHilsbachWeiler-17-scaled.jpg?resize=1400%2C800&ssl=1 4x"},"classes":[]},{"id":2151,"url":"https:\/\/kirche-hilsbach-weiler.de\/hw\/?page_id=2151","url_meta":{"origin":8367,"position":4},"title":"Kindergarten Weiler","author":"Administrator","date":"31. M\u00e4rz 2014","format":false,"excerpt":"Evangelischer Kindergarten \"G\u00e4nsebl\u00fcmchen\" Weiler Leitung: Simone Dolch Tel.: 07261-3477 Mail:\u00a0kiga-weiler@kirche-hilsbach-weiler.de Adresse: Burggrafenstr. 12 74889 Sinsheim-Weiler [google maps] \u00d6ffnungszeiten: Gruppe mit verl\u00e4ngerter \u00d6ffnungszeit (zwei Jahre bis zum Schuleintritt): Montag bis Freitag: 07:15 \u2013 13:45 Uhr Gruppe mit Ganztagesbetreuung und verl\u00e4ngerter \u00d6ffnungszeit (zwei Jahre bis zum Schuleintritt): Montag bis Mittwoch: 07:15 -\u2026","rel":"","context":"\u00c4hnlicher Beitrag","block_context":{"text":"\u00c4hnlicher Beitrag","link":""},"img":{"alt_text":"","src":"","width":0,"height":0},"classes":[]},{"id":6003,"url":"https:\/\/kirche-hilsbach-weiler.de\/hw\/?page_id=6003","url_meta":{"origin":8367,"position":5},"title":"Hauskreis","author":"Administrator","date":"18. November 2017","format":false,"excerpt":"Sechs Fragen zum Hauskreis Hilsbach-Weiler Was ist denn Euer Hauskreis? In unserem Hauskreis treffen wir uns regelm\u00e4\u00dfig, um Glauben und Leben zu teilen. Ist das also ein frommer Geheimzirkel? Nat\u00fcrlich nicht. Die Treffen sind genauso \u00f6ffentlich wie andere Veranstaltungen. Wir treffen uns abwechselnd bei einzelnen Teilnehmern zu Hause, weil das\u2026","rel":"","context":"\u00c4hnlicher Beitrag","block_context":{"text":"\u00c4hnlicher Beitrag","link":""},"img":{"alt_text":"Hauskreis-Symbolfoto","src":"https:\/\/i0.wp.com\/kirche-hilsbach-weiler.de\/hw\/wp-content\/uploads\/2020\/04\/meeting-1015288_1920-e1588058179566.jpg?fit=1200%2C674&ssl=1&resize=350%2C200","width":350,"height":200,"srcset":"https:\/\/i0.wp.com\/kirche-hilsbach-weiler.de\/hw\/wp-content\/uploads\/2020\/04\/meeting-1015288_1920-e1588058179566.jpg?fit=1200%2C674&ssl=1&resize=350%2C200 1x, https:\/\/i0.wp.com\/kirche-hilsbach-weiler.de\/hw\/wp-content\/uploads\/2020\/04\/meeting-1015288_1920-e1588058179566.jpg?fit=1200%2C674&ssl=1&resize=525%2C300 1.5x, https:\/\/i0.wp.com\/kirche-hilsbach-weiler.de\/hw\/wp-content\/uploads\/2020\/04\/meeting-1015288_1920-e1588058179566.jpg?fit=1200%2C674&ssl=1&resize=700%2C400 2x, https:\/\/i0.wp.com\/kirche-hilsbach-weiler.de\/hw\/wp-content\/uploads\/2020\/04\/meeting-1015288_1920-e1588058179566.jpg?fit=1200%2C674&ssl=1&resize=1050%2C600 3x"},"classes":[]}],"jetpack_sharing_enabled":true,"_links":{"self":[{"href":"https:\/\/kirche-hilsbach-weiler.de\/hw\/index.php?rest_route=\/wp\/v2\/pages\/8367","targetHints":{"allow":["GET"]}}],"collection":[{"href":"https:\/\/kirche-hilsbach-weiler.de\/hw\/index.php?rest_route=\/wp\/v2\/pages"}],"about":[{"href":"https:\/\/kirche-hilsbach-weiler.de\/hw\/index.php?rest_route=\/wp\/v2\/types\/page"}],"author":[{"embeddable":true,"href":"https:\/\/kirche-hilsbach-weiler.de\/hw\/index.php?rest_route=\/wp\/v2\/users\/5"}],"replies":[{"embeddable":true,"href":"https:\/\/kirche-hilsbach-weiler.de\/hw\/index.php?rest_route=%2Fwp%2Fv2%2Fcomments&post=8367"}],"version-history":[{"count":3,"href":"https:\/\/kirche-hilsbach-weiler.de\/hw\/index.php?rest_route=\/wp\/v2\/pages\/8367\/revisions"}],"predecessor-version":[{"id":11497,"href":"https:\/\/kirche-hilsbach-weiler.de\/hw\/index.php?rest_route=\/wp\/v2\/pages\/8367\/revisions\/11497"}],"up":[{"embeddable":true,"href":"https:\/\/kirche-hilsbach-weiler.de\/hw\/index.php?rest_route=\/wp\/v2\/pages\/8334"}],"wp:attachment":[{"href":"https:\/\/kirche-hilsbach-weiler.de\/hw\/index.php?rest_route=%2Fwp%2Fv2%2Fmedia&parent=8367"}],"curies":[{"name":"wp","href":"https:\/\/api.w.org\/{rel}","templated":true}]}}

<figure class="wp-block-image size-large is-resized is-style-default"><img data-recalc-dims="1" loading="lazy" decoding="async" class="attachment-full  wp-image-12881" src="https://i0.wp.com/www.pro11.org/wp-content/uploads/2023/10/Simon-Printz-Potrait-scaled-e1696949355374.jpg?resize=340%2C340&#038;ssl=1" alt="" width="340" height="340"><br>
<figcaption>War von Januar bis Juli 2021 in Südafrika,<br>und ist seit Sommer 2023 mit Pro11 unterwegs.<br>Weitere Infos mit Newsletter: <br><a href="https://www.pro11.org/simon.printz" target="_blank" rel="noopener">https://www.pro11.org/simon.printz</a></figcaption>
</figure>

7. März 2014

In vielfältigen Gottesdiensten und anderen regelmäßigen Veranstaltungen können Sie bei uns Gemeinde (er-)leben:

Ähnlicher Beitrag

NACHgeDACHT über Himmel & Erde Andachten, Predigten & mehr zum NACHschauen, NACHhören und NACHdenken

Der Evangelische Kirchenchor Weiler konnte im Jahr 2010 sein 125-jähriges Bestehen feiern. Mit großer Freude singt er in den Gemeindegottesdiensten zum Lobe Gottes. Immer am Sonntag „Kantate – Singet dem Herrn“ gestaltet der Kirchenchor einen besonderen kirchenmusikalischen Gottesdienst, in dem meist größere Werke – auch mit Instrumentalisten - aufgeführt werden.…

31. März 2014

Evangelischer Kindergarten "Gänseblümchen" Weiler Leitung: Simone Dolch Tel.: 07261-3477 Mail: kiga-weiler@kirche-hilsbach-weiler.de Adresse: Burggrafenstr. 12 74889 Sinsheim-Weiler [google maps] Öffnungszeiten: Gruppe mit verlängerter Öffnungszeit (zwei Jahre bis zum Schuleintritt): Montag bis Freitag: 07:15 – 13:45 Uhr Gruppe mit Ganztagesbetreuung und verlängerter Öffnungszeit (zwei Jahre bis zum Schuleintritt): Montag bis Mittwoch: 07:15 -…

Sechs Fragen zum Hauskreis Hilsbach-Weiler Was ist denn Euer Hauskreis? In unserem Hauskreis treffen wir uns regelmäßig, um Glauben und Leben zu teilen. Ist das also ein frommer Geheimzirkel? Natürlich nicht. Die Treffen sind genauso öffentlich wie andere Veranstaltungen. Wir treffen uns abwechselnd bei einzelnen Teilnehmern zu Hause, weil das…
